 -1 - 103044?
-103045
In base 2, what is -10111001111 + 111010000?
-1111111111
In base 4, what is -12120103 - -3?
-12120100
In base 10, what is -4 - 517?
-521
In base 16, what is -2ab745 - -3?
-2ab742
In base 13, what is -35b + 136a?
100c
In base 5, what is 1043 - -1220?
2313
In base 9, what is 3 + 2732?
2735
In base 3, what is 10 - -111210110022?
111210110102
In base 6, what is -333 + -11504?
-12241
In base 9, what is -555326 + -5?
-555332
In base 16, what is -5 + 11494?
1148f
In base 3, what is 2202 - -22122?
102101
In base 7, what is -1 + -100621?
-100622
In base 2, what is -10 - 10110010?
-10110100
In base 9, what is 2 + -353187?
-353185
In base 9, what is -30646 + 6?
-30640
In base 15, what is 1 - 615?
-614
In base 4, what is -1 + 33301?
33300
In base 10, what is -559 - -237?
-322
In base 12, what is -1 - -901?
900
In base 4, what is -110 - 2010?
-2120
In base 8, what is 24 - -11077?
11123
In base 12, what is 652 + -5?
649
In base 13, what is -249 - 37c?
-5c8
In base 14, what is 6c3b09 + 3?
6c3b0c
In base 11, what is -1 - 59859?
-5985a
In base 10, what is -43 - 4627?
-4670
In base 16, what is -2 + 47cf?
47cd
In base 15, what is 190d - -6?
1914
In base 16, what is 33fd5 - 1?
33fd4
In base 14, what is 5 - 2107?
-2102
In base 4, what is 10110103 + 101?
10110210
In base 2, what is -10100110 + -100001100001?
-100100000111
In base 2, what is -11 + 10001011101001100?
10001011101001001
In base 4, what is 11 - -13133123?
13133200
In base 2, what is -100110110000111 + 0?
-100110110000111
In base 16, what is -40a + 48?
-3c2
In base 6, what is -2043 + -1031?
-3114
In base 16, what is 33e6 + 5?
33eb
In base 6, what is -345 + -54311?
-55100
In base 13, what is -25b - -259?
-2
In base 8, what is 4 + 453722?
453726
In base 14, what is 5 - 408?
-403
In base 15, what is -4 - -328ed?
328e9
In base 16, what is -1 + -8d76?
-8d77
In base 5, what is -32044222 - 4?
-32044231
In base 15, what is 56 - -47?
9d
In base 3, what is 101111202010 - 2?
101111202001
In base 4, what is 11021333 - 12?
11021321
In base 6, what is -23543 + -411?
-24354
In base 9, what is -1 + -51558?
-51560
In base 4, what is -111202 + 102?
-111100
In base 12, what is -890 + 134?
-758
In base 10, what is 16495 + 1?
16496
In base 11, what is 3576a + 4?
35773
In base 14, what is 123ddb + 5?
124002
In base 5, what is -1 - 133443334?
-133443340
In base 12, what is -7b - -1750?
1691
In base 3, what is -12120002120 + 12?
-12120002101
In base 2, what is -1010 - 11011101110100?
-11011101111110
In base 10, what is 2584684 + 1?
2584685
In base 8, what is -105 + 3745?
3640
In base 16, what is bf5 + 42?
c37
In base 13, what is 264889 + 4?
264890
In base 4, what is -3212222221 - -2?
-3212222213
In base 4, what is 0 - -1123231033?
1123231033
In base 2, what is 1100111 - -100110010100100?
100110100001011
In base 9, what is 4716 + 0?
4716
In base 6, what is -53 + 5432?
5335
In base 4, what is -2123 - -132?
-1331
In base 13, what is -4a + 282b?
27b1
In base 11, what is -3 + -146070?
-146073
In base 5, what is 12303 - -3244?
21102
In base 9, what is -81 - 114?
-205
In base 5, what is -3020 + 1?
-3014
In base 14, what is 1410 - -11?
1421
In base 13, what is 4106 + 2?
4108
In base 4, what is 0 - 33211303?
-33211303
In base 16, what is -5 + -10a00?
-10a05
In base 3, what is 0 + -2012102212000?
-2012102212000
In base 12, what is -2b40 + 5?
-2b37
In base 10, what is -16225 - -3?
-16222
In base 10, what is -7 + -11023?
-11030
In base 5, what is -222 + 4024?
3302
In base 12, what is -b64b + 2?
-b649
In base 6, what is -142525 - -223?
-142302
In base 4, what is 23 - -1213002?
1213031
In base 15, what is -d - 5155?
-5163
In base 11, what is -419 - -482?
64
In base 4, what is -3 - 122112120?
-122112123
In base 7, what is 15 + -3020502?
-3020454
In base 14, what is -4 - b90c?
-b912
In base 11, what is 129 + -7194?
-7066
In base 8, what is 311701 + 11?
311712
In base 11, what is -791 + 1?
-790
In base 16, what is -5 + -aa0c?
-aa11
In base 5, what is 10 + 414140?
414200
In base 14, what is 41 - -743?
784
In base 13, what is -2 + -1915c?
-19161
In base 14, what is 1 - 33800?
-337dd
In base 6, what is -112 - -3001?
2445
In base 5, what is 243 + -244224?
-243431
In base 10, what is -7 + 3989?
3982
In base 8, what is 3 + -152400?
-152375
In base 6, what is -35 + -51234?
-51313
In base 6, what is 0 - -115250?
115250
In base 13, what is 5 + 4c98?
4ca0
In base 5, what is 121121034 + 2?
121121041
In base 12, what is -2418 + 28a?
-214a
In base 4, what is -110 + -1232130?
-1232300
In base 10, what is -43 + 59688?
59645
In base 8, what is 51472 + 6?
51500
In base 16, what is -5 + -bb359?
-bb35e
In base 7, what is -44663 + -24?
-45020
In base 8, what is 5 + 210265?
210272
In base 12, what is -19022 - -1?
-19021
In base 6, what is -10 - 21314?
-21324
In base 10, what is 2231319 + -3?
2231316
In base 16, what is 4 - 14886?
-14882
In base 3, what is -211 - 21201202?
-21202120
In base 8, what is -560514 - -3?
-560511
In base 14, what is -19 - -663b?
6622
In base 12, what is -2920677 - 3?
-292067a
In base 8, what is 333 - 10337?
-10004
In base 8, what is 56 - 10370?
-10312
In base 16, what is -6 - -934?
92e
In base 12, what is -48747 - -2?
-48745
In base 14, what is -3 + -264338?
-26433b
In base 10, what is 40367 - -2?
40369
In base 15, what is -4e5 + 15?
-4d0
In base 8, what is 37461 + -1?
37460
In base 14, what is 4 - -10c6?
10ca
In base 2, what is -101111010 - -10110001?
-11001001
In base 14, what is a + 5b40?
5b4a
In base 4, what is -13222300 + 1?
-13222233
In base 5, what is -32410 - 3213?
-41123
In base 2, what is 110001111010111000100 + -10?
110001111010111000010
In base 7, what is -324444 - 3?
-324450
In base 8, what is -122 + 16415?
16273
In base 15, what is -124a3 + 28?
-1247a
In base 2, what is 1000100011101100 + 1?
1000100011101101
In base 5, what is 1111411 - 11?
1111400
In base 13, what is -341 + -2a?
-36b
In base 6, what is 1 - -100311?
100312
In base 16, what is 116d1 - -4?
116d5
In base 2, what is 10010 - -1111110?
10010000
In base 15, what is -21db - -1?
-21da
In base 5, what is -22122 + -14141?
-41313
In base 14, what is 7da2 + 4?
7da6
In base 12, what is 120 - 13436?
-13316
In base 13, what is 1261a + -21?
125c9
In base 12, what is -33806b0 + 5?
-33806a7
In base 8, what is -12454 + 110?
-12344
In base 8, what is 7713 + -165?
7526
In base 16, what is 17a + -dd?
9d
In base 16, what is 8 - 4ff6e?
-4ff66
In base 9, what is 76 - 8?
67
In base 4, what is 111023 - 10?
111013
In base 4, what is 32 - -310130011?
310130103
In base 2, what is 1100101100 + 110000?
1101011100
In base 6, what is 13 + -5102?
-5045
In base 10, what is 452 + -105?
347
In base 11, what is 5 + a3526?
a3530
In base 3, what is 0 - -2022210222?
2022210222
In base 8, what is 66 + 204?
272
In base 5, what is -2011000 + -1?
-2011001
In base 7, what is 5 - -12346?
12354
In base 15, what is -1c - 1e3?
-210
In base 2, what is 1101010101 + 1011?
1101100000
In base 2, what is -11111100 + -1000010?
-100111110
In base 5, what is 3044111 - 3?
3044103
In base 7, what is 233125 + -5?
233120
In base 14, what is c + -3b6?
-3a8
In base 4, what is -11113 - -12111?
332
In base 8, what is -126312 + 5?
-126305
In base 4, what is -1101010 + 1?
-1101003
In base 12, what is -7 + -627?
-632
In base 6, what is 1113221 - 5?
1113212
In base 11, what is -30172 - -4?
-30169
In base 2, what is 11101010000011001 + 101?
11101010000011110
In base 13, what is 1203 - 4?
11cc
In base 10, what is 3520 - -3?
3523
In base 13, what is -3 - -6663c?
66639
In base 13, what is -34bc4 + 5?
-34bbc
In base 16, what is -3 + c2a1?
c29e
In base 9, what is 17004 - -30?
17034
In base 9, what is -2 + 6614?
6612
In base 14, what is -4 + -429?
-42d
In base 13, what is -30 + 65ac?
657c
In base 11, what is -104a83 + 8?
-104a76
In base 7, what is -501600 + 1?
-501566
In base 2, what is -1001011110011000001 + -110?
-1001011110011000111
In base 15, what is -b - 25db?
-25e7
In base 4, what is -3130220 - 321?
-3131201
In base 9, what is -2 - -566034?
566032
In base 4, what is -3221112 - 112?
-3221230
In base 13, what is 52 + 9?
5b
In base 4, what is -11 + -21303220?
-21303231
In base 9, what is -37 - -3622?
3574
In base 5, what is -3 - -2112443?
2112440
In base 11, what is -5a15 - 4?
-5a19
In base 4, what is -1213